 17341
List the prime factors of 2887581972.
2, 3, 11, 37, 591233
What are the prime factors of 166428?
2, 3, 23, 67
What are the prime factors of 61625151?
3, 7, 19, 131
List the prime factors of 43609877.
43609877
List the prime factors of 2557623788.
2, 41, 1733, 8999
What are the prime factors of 226449116?
2, 56612279
What are the prime factors of 2244529913?
53, 4801, 8821
What are the prime factors of 340879398?
2, 3, 29, 167, 11731
What are the prime factors of 406166290?
2, 5, 40616629
List the prime factors of 1395924563.
11, 126902233
List the prime factors of 196047080.
2, 5, 4901177
List the prime factors of 723575580.
2, 3, 5, 7, 13, 132523
What are the prime factors of 1606777208?
2, 41, 59, 79, 1051
List the prime factors of 141171201.
3, 193, 27091
List the prime factors of 420689980.
2, 5, 199, 105701
List the prime factors of 197059897.
197059897
What are the prime factors of 164508949?
11, 17, 23, 1663
List the prime factors of 1750360850.
2, 5, 7, 37, 19309
List the prime factors of 10910421.
3, 53, 89, 257
What are the prime factors of 41898336?
2, 3, 17, 25673
What are the prime factors of 9674321?
9674321
List the prime factors of 134619269.
134619269
What are the prime factors of 73924511?
73924511
List the prime factors of 73317193.
43, 1705051
List the prime factors of 5740809466.
2, 7, 410057819
What are the prime factors of 191030353?
191030353
List the prime factors of 761581676.
2, 59, 3227041
What are the prime factors of 309466370?
2, 5, 30946637
List the prime factors of 279437608.
2, 34929701
What are the prime factors of 46173992?
2, 5771749
List the prime factors of 5394464.
2, 29, 5813
List the prime factors of 1367364899.
349, 593, 6607
What are the prime factors of 139173975?
3, 5, 439, 1409
List the prime factors of 38835698.
2, 11, 29, 2099
List the prime factors of 95018586.
2, 3, 13, 311, 3917
What are the prime factors of 247448998?
2, 2693, 45943
List the prime factors of 597694753.
883, 676891
What are the prime factors of 175422326?
2, 19, 83, 55619
What are the prime factors of 520952923?
31, 16804933
List the prime factors of 298743060.
2, 3, 5, 7, 11, 64663
List the prime factors of 36471511.
17, 126199
What are the prime factors of 684238?
2, 97, 3527
List the prime factors of 115782084.
2, 3, 11, 79, 3701
What are the prime factors of 332339054?
2, 166169527
What are the prime factors of 15540998?
2, 11, 149, 431
List the prime factors of 224923644.
2, 3, 11, 383, 1483
List the prime factors of 30195670.
2, 5, 29, 104123
What are the prime factors of 5614135?
5, 61, 79, 233
List the prime factors of 347451336.
2, 3, 1608571
What are the prime factors of 1159479091?
101, 1069, 10739
List the prime factors of 719728495.
5, 143945699
List the prime factors of 35077661.
3169, 11069
List the prime factors of 29117472.
2, 3, 303307
List the prime factors of 189011158.
2, 7, 47, 287251
List the prime factors of 5123119856.
2, 320194991
List the prime factors of 335535831.
3, 79, 157307
List the prime factors of 1898536223.
1898536223
What are the prime factors of 161756843?
769, 210347
What are the prime factors of 13660030?
2, 5, 37, 36919
What are the prime factors of 3514088360?
2, 5, 17, 67, 137, 563
List the prime factors of 1926690948.
2, 3, 7, 13, 101, 647
What are the prime factors of 12096438?
2, 3, 859, 2347
List the prime factors of 3244564820.
2, 5, 7, 23175463
List the prime factors of 163061868.
2, 3, 1021, 13309
List the prime factors of 1646587675.
5, 41, 1606427
What are the prime factors of 135104591?
29, 4658779
What are the prime factors of 102542730?
2, 3, 5, 31, 110261
List the prime factors of 778920829.
23, 41, 229, 3607
What are the prime factors of 5147175090?
2, 3, 5, 171572503
What are the prime factors of 396732873?
3, 132244291
List the prime factors of 237323133.
3, 26369237
List the prime factors of 80768682.
2, 3, 1301, 3449
What are the prime factors of 286055699?
286055699
List the prime factors of 618910454.
2, 309455227
List the prime factors of 1381142594.
2, 13, 17, 23, 135859
List the prime factors of 157046301.
3, 347, 50287
List the prime factors of 253746345.
3, 5, 131, 263, 491
List the prime factors of 18658773.
3, 7, 23, 79, 163
List the prime factors of 26096691.
3, 211, 41227
What are the prime factors of 229148415?
3, 5, 53, 96079
What are the prime factors of 924642224?
2, 11, 5253649
What are the prime factors of 1976667?
3, 7, 11, 43, 199
What are the prime factors of 2273658452?
2, 13, 43724201
List the prime factors of 7065232.
2, 23, 73, 263
List the prime factors of 660156708.
2, 3, 55013059
List the prime factors of 301169779.
19, 101, 156941
List the prime factors of 1571782350.
2, 3, 5, 193, 54293
What are the prime factors of 33053041?
7, 97, 48679
List the prime factors of 214943136.
2, 3, 59, 137, 277
What are the prime factors of 6737738248?
2, 17, 49542193
What are the prime factors of 475575563?
47, 10118629
What are the prime factors of 4404051250?
2, 5, 953, 3697
What are the prime factors of 685373234?
2, 7, 13, 31, 331, 367
List the prime factors of 422929.
13, 32533
List the prime factors of 43743390.
2, 3, 5, 1458113
List the prime factors of 47062491.
3, 7, 320153
What are the prime factors of 49670954?
2, 24835477
What are the prime factors of 76854396?
2, 3, 1259, 5087
What are the prime factors of 577659674?
2, 23, 12557819
List the prime factors of 1043660038.
2, 257, 2030467
List the prime factors of 33963081.
3, 2309, 4903
What are the prime factors of 1794171627?
3, 67, 269, 1229
What are the prime factors of 182519408?
2, 113, 157, 643
List the prime factors of 24080960.
2, 5, 75253
List the prime factors of 3630384977.
431, 8423167
What are the prime factors of 1288444806?
2, 3, 11, 61, 439
List the prime factors of 1422647870.
2, 5, 7, 2903363
What are the prime factors of 255411907?
983, 259829
List the prime factors of 181516045.
5, 36303209
What are the prime factors of 649149502?
2, 324574751
What are the prime factors of 88503882?
2, 3, 29, 508643
What are the prime factors of 4356195?
3, 5, 37, 47, 167
What are the prime factors of 139379293?
101, 1379993
What are the prime factors of 105751178?
2, 13, 1669, 2437
What are the prime factors of 1066081231?
1066081231
What are the prime factors of 1622664063?
3, 60098669
List the prime factors of 42219372.
2, 3, 13, 127, 2131
What are the prime factors of 57692554?
2, 28846277
List the prime factors of 583507847.
13, 17, 109, 24223
What are the prime factors of 2684224928?
2, 7, 11, 17, 64081
What are the prime factors of 1008480328?
2, 19, 6634739
List the prime factors of 1786368647.
7, 41, 139, 6397
What are the prime factors of 228374709?
3, 1777, 42839
What are the prime factors of 44360466?
2, 3, 7393411
What are the prime factors of 51609743?
51609743
List the prime factors of 184206628.
2, 17, 101, 26821
What are the prime factors of 493564196?
2, 17, 53, 136949
List the prime factors of 486142575.
3, 5, 769, 8429
What are the prime factors of 114010712?
2, 829, 17191
What are the prime factors of 218731158?
2, 3, 257, 15761
What are the prime factors of 4286740574?
2, 31, 69140977
What are the prime factors of 10143535?
5, 2028707
List the prime factors of 14211273.
3, 131, 36161
List the prime factors of 805341440.
2, 5, 593, 1061
What are the prime factors of 1985128077?
3, 661709359
What are the prime factors of 15308631?
3, 13, 130843
List the prime factors of 147359097.
3, 1201, 13633
What are the prime factors of 240793378?
2, 7, 43, 399989
List the prime factors of 1964487311.
19, 103394069
List the prime factors of 187660093.
17, 19, 487, 1193
What are the prime factors of 29566247?
17, 23, 75617
What are the prime factors of 167789946?
2, 3, 179, 156229
List the prime factors of 261674780.
2, 5, 43, 53, 5741
List the prime factors of 1812718160.
2, 5, 11, 17, 121171
List the prime factors of 340832996.
2, 7, 12172607
List the prime factors of 3576690748.
2, 67, 13345861
What are the prime factors of 147979009?
223, 663583
List the prime factors of 1137889984.
2, 7, 11, 233, 991
List the prime factors of 3104005885.
5, 179, 3468163
List the prime factors of 5379492766.
2, 61, 3037, 14519
List the prime factors of 889305.
3, 5, 101, 587
What ar